81 - 63 = 5*h. List the prime factors of h.
2, 101
Let c(j) = -15*j + 7. What are the prime factors of c(-4)?
67
Suppose 0*w - 27 = -3*w. What are the prime factors of w?
3
Let r = 2 - 2. Suppose r = w + 1 + 6. Let n = w + 22. List the prime factors of n.
3, 5
Suppose -2*u = w - 40 - 17, 102 = 4*u - 2*w. What are the prime factors of u?
3
Suppose 0 = 4*b - 2*b - 4, 0 = 4*x + 3*b - 10. List the prime factors of (6 + -2)*(x - -1).
2
Let q = -4 - -38. List the prime factors of q.
2, 17
Let i be 81/(-6)*(-8)/6. Let o = i - 6. List the prime factors of o.
2, 3
Let l be (1 - 1)*2/(-2). Let j(f) = 4*f + 22. Let n be j(-5). Suppose l = -n*o - 0 + 8. List the prime factors of o.
2
Let j(l) = -26*l - 3. List the prime factors of j(-3).
3, 5
Suppose 0 = -2*d + 4*y - 19 + 95, -136 = -4*d + 4*y. List the prime factors of d.
2, 3, 5
Let y = -55 - -82. What are the prime factors of y?
3
Let q = 14 - 22. List the prime factors of q*((-27)/6 + 2).
2, 5
Suppose -5*a = -18 - 137. Let d = a - -9. What are the prime factors of d?
2, 5
Let k(b) = b - 8. Let y be k(7). Let c be 4 - 2*(-2 - y). Suppose -3*s + 27 + c = 0. What are the prime factors of s?
11
Let v = 118 - 20. What are the prime factors of v?
2, 7
List the prime factors of (-20)/(-5)*22/8.
11
Let z(c) be the first derivative of c**4/12 - 7*c**3/6 - c**2 + 2*c - 1. Let l(m) be the first derivative of z(m). What are the prime factors of l(8)?
2, 3
Let c = -16 - -30. What are the prime factors of c?
2, 7
Let y(i) = -11*i + 7. Let t be y(5). Let k = 30 + t. What are the prime factors of (-50)/k - (-2)/9?
3
Let o be (-2 - 0)/(-1) - -30. Suppose 3*x = -11 + o. What are the prime factors of x?
7
Suppose -v + 4*r = -5, -3*r - 5 = -v - 1. Let a(d) = 10*d - 1. List the prime factors of a(v).
3
Suppose 19 + 32 = 2*x - c, x - 5*c = 12. List the prime factors of x.
3
Suppose -5*g - 40 = -5*f, 4*g + 4*f + 8 = -0*g. Let o be (g/3)/(3/(-45)). Suppose -i = -6*i + o. List the prime factors of i.
5
Suppose 3*q + 7 = 25. Suppose -3*i - 9 = -q*i. Suppose 2*y + 3*u - 7 = 2*u, 0 = -u + i. What are the prime factors of y?
2
Let z = 273 - 142. Suppose 0 = -5*q + 29 + z. What are the prime factors of q?
2
Suppose -4*o - c = -1105, 0 = 5*c + 6 + 9. List the prime factors of o.
277
List the prime factors of (-1684)/(-14) + 2 + 10/(-35).
2, 61
Let b(w) = -w**3 + 9*w**2 - 14*w + 8. What are the prime factors of b(7)?
2
Suppose 0 = -0*o + 5*o + 160. Let h(k) = 12*k**2 + k. Let r be h(-2). Let g = r + o. What are the prime factors of g?
2, 7
Suppose 2*k - 5*m - 104 = 8, -5*k - 2*m = -222. Let i(r) = 2*r**2 + 22*r - 5. Let u be i(-10). Let q = u + k. List the prime factors of q.
3, 7
Let i = -6 - -6. Let c(y) = y**3 - 5*y**2 + 5. Let n be c(5). What are the prime factors of (2 - i) + n + 0?
7
Suppose -4*z - 2*n - 629 = -9*z, -3*n = -9. What are the prime factors of z?
127
Let a(r) = -103*r**3 - 5*r - 4. What are the prime factors of a(-1)?
2, 13
Let u = -7 + 7. Suppose u = 4*h + 19 + 9. Let w(t) = t**3 + 8*t**2 + 5*t - 7. What are the prime factors of w(h)?
7
Let y be ((-1)/(-2))/(2/164). Let z be 26/7 - 2/(-7). Suppose z*p = p - x + 44, 0 = 2*p + 3*x - y. What are the prime factors of p?
13
Let w(p) = -2*p + 1 - 6 + 3. Let x be -2 - -1 - (0 - -5). List the prime factors of w(x).
2, 5
Let d be (-10)/4*(-36)/15. List the prime factors of d + -4 + 0 + 52.
2, 3
Let c be (2/(-3))/(4/6). Let l = c - -2. Let y = l - -1. What are the prime factors of y?
2
Let r(w) = -w - 5. Let l be r(-9). Suppose -b + 15 = l*b. What are the prime factors of b?
3
Suppose 7*r - 60 = 5*r. What are the prime factors of r?
2, 3, 5
Let k be (40/15)/((-2)/(-141)). List the prime factors of k/6 - 4/12.
31
Let k(a) = 5*a**2 - 1. Let p be k(1). What are the prime factors of (-3)/p*4*-11?
3, 11
Let j be (-2)/3 - (-26)/3. List the prime factors of (-1 - j)/((-6)/8).
2, 3
Let d(m) be the first derivative of 0*m**3 + 0*m**2 + 13*m - 1/4*m**4 + 3. What are the prime factors of d(0)?
13
List the prime factors of (2/(-2))/(3/393)*-1.
131
Suppose -u + 7 = -0*u. Suppose 0 = -2*j + u*j + 75. Let q = 23 + j. List the prime factors of q.
2
Let g = -1 - -7. Suppose 0 = -u + 25 - g. List the prime factors of u.
19
Let d(k) = k**2 + k. Let h(w) = -w**2 - w. Suppose 6 = -3*i + 3*g - 0, -4*g = 4*i + 8. Let a(t) = i*h(t) - d(t). List the prime factors of a(1).
2
Suppose 0*g + 2*g - 14 = 0. Suppose 4*l = -g + 19. Suppose -l*n + 16 = 5*z, 6*z - 48 = -5*n + 3*z. List the prime factors of n.
2, 3
Let x be 8/(-3)*60/(-8). Suppose 0*r + x = 5*r. Suppose u - 2*u + r = 0. List the prime factors of u.
2
Let v = -160 + 273. What are the prime factors of v?
113
Let i be (-4 - -5)/((-2)/10). Let y(d) = -d**3 - 6*d**2 - 8*d - 3. What are the prime factors of y(i)?
2, 3
Suppose 2*v - 16 = -4*g, 4*g - v - 16 = -6*v. Suppose 2*l + y = -2*y + 52, g*y + 44 = 3*l. What are the prime factors of l?
2, 5
Let b(m) = -40*m**3 - 2*m + 1. Let i be b(1). Let l = i - -75. What are the prime factors of l?
2, 17
Let q = 21 + -29. Let p = q - -17. What are the prime factors of p?
3
Suppose -a + 539 = 6*a. What are the prime factors of a?
7, 11
Suppose 11 = u - 2. Suppose -u = -3*b - 4. Suppose 105 = 5*a - p, 2*a + 3*p = b + 22. List the prime factors of a.
2, 5
Let i be (-28)/(-10) + 4/20. Suppose 5*s + k - 69 = 0, 5*s - 74 = k + i*k. List the prime factors of s.
2, 7
Suppose -4*r = 3*g - g - 168, 5*g - 468 = 2*r. List the prime factors of g.
2, 23
Suppose -3*n + 0*n = -4*b + 5, 7 = -n + 4*b. Suppose -3*v + 6 = s - n, -v + 1 = -s. Suppose 3*d + 2*l = 19, -v*l = -5*d - l + 36. List the prime factors of d.
7
What are the prime factors of 5/((-5)/3) + 15?
2, 3
Suppose z = -3*n + 94, 4*z - z - 150 = -5*n. Suppose 0 = -2*b + 2*s - n - 21, 4*b - 2*s = -110. List the prime factors of 7/b - (-33)/4.
2
Suppose 3*q - 9 = -3. Let f(o) = -o**2 + 8*o - 5. Let s be f(6). Suppose 0 = -q*h + s*h - 10. List the prime factors of h.
2
Let f = 5 - 8. Let z(s) = 18*s**2 + 4*s + 3. Let g be z(f). List the prime factors of 2/8 - g/(-12).
13
Suppose 0 = -2*d + 6*d + 16. Let a be d/(-6) - 51/9. What are the prime factors of 6/15 - 48/a?
2, 5
Suppose -4*r - 3 = 5*b, -3*r + 3*b = -2*r - 12. What are the prime factors of 260/30 + (-2)/r?
2
Let x(k) = -k**3 - k**2 + 3. Let i be x(0). List the prime factors of 18*-1*(-1)/i.
2, 3
Let p = 8 - 4. Suppose 8*z - 3*h - 90 = 3*z, -85 = -p*z + 5*h. List the prime factors of z.
3, 5
Let k(u) = 2*u**2 + 21*u + 37. What are the prime factors of k(-15)?
2, 43
Let i(k) = k**2 - 11*k - 7. List the prime factors of i(12).
5
Suppose -10 - 10 = -4*m. Let b(q) = -7*q**2 + 15*q + 9. Let p(z) = 4*z**2 - 8*z - 4. Let k(t) = 3*b(t) + 5*p(t). What are the prime factors of k(m)?
7
Let m(d) = 7*d**2 - 6*d + 1. What are the prime factors of m(4)?
89
Let i = -27 - -27. Let y(h) = 2*h**2 + 3*h - 4. Let u be y(-3). Suppose 0 = u*a - i*a, r - 16 = 4*a. What are the prime factors of r?
2
Suppose 3*i - 151 = 5*y - 0*i, 3*y + 87 = 3*i. Let x = y + 74. Let t = -27 + x. List the prime factors of t.
3, 5
Let n = 6 + -4. List the prime factors of 18 + (-4 - -3) + n.
19
Let l(i) = 18*i + 3. List the prime factors of l(1).
3, 7
Suppose -4 = -r - 1. List the prime factors of (-12)/1*(-1)/r.
2
Suppose -5*a + 4*z + 20 = 0, -5*z - 15 = -2*a - 2*z. Let y be (3 - 1) + a + 0. Suppose -k + 1 + 2 = -l, -y*k + 4*l = -2. List the prime factors of k.
5
Suppose 115 = 5*v - 5*w, 4*v - 2*w - 73 = 21. List the prime factors of v.
2, 3
Let s be ((-2)/(-2))/(4/52). Let u = -5 + s. Suppose 6 = 2*w + 2*t - 0*t, 5*w - 2*t = u. List the prime factors of w.
2
Let m(n) = n**3 - 8*n**2 - 9*n + 1. Let s be m(9). Let d be (-2)/((-4)/2) - s. Suppose -3*v = -d*v - 27. List the prime factors of v.
3
Suppose 5 = -3*h - 2*h. Let p = 1 - h. Suppose -3*c + 7 = 5*u, 0 = 5*u - 3*c - p - 11. List the prime factors of u.
2
Suppose 0*a + 8 = a. Suppose -a - 47 = -5*m. What are the prime factors of m?
11
Let t = 229 + -128. What are the prime factors of t?
101
Let q(b) be the third derivative of 8/3*b**3 + 1/60*b**5 + 1/24*b**4 + 3*b**2 + 0*b + 0. What are the prime factors of q(0)?
2
Let v = -6 - -1. Let z = 8 - v. What are the prime factors of z?
13
What are the prime factors of -2 + (-2 - 4)*-13?
2, 19
Let k be 0 - (-3 - -3) - -12. Suppose u - k = -a + 2*u, 0 = -2*